. Suppose 0 = 5*k - 4*i - 2693, -5*k + v + 1646 = 3*i. List the prime factors of k.
541
Let s = 26618 - -6012. List the prime factors of s.
2, 5, 13, 251
Let f(x) = 4*x + 11*x - 15*x - 4 + x**2. Let j be f(-2). Suppose 37*v - 35*v - 56 = j. What are the prime factors of v?
2, 7
Suppose 13191383 = 87*a + 122*a - 1438617. List the prime factors of a.
2, 5, 7
Let b be 0 - (1/(-3) - 20/12). Let c(r) = r**3 + 5 + 6 + 10*r - 15*r + 4 + 9*r**b. List the prime factors of c(-9).
2, 3, 5
Let b = 29392 - -21893. What are the prime factors of b?
3, 5, 13, 263
Suppose -2*p + 1037 = 3*g + 2*g, g - 217 = 2*p. Let i = g + 96. List the prime factors of i.
5, 61
Let j be (-1 - 1304)*((-60)/(-25))/(-4). Suppose 441 - j = -3*i. What are the prime factors of i?
2, 3, 19
Suppose 0 = 4*w + 2*w - 24. Let u(y) = -4*y**2 + 14*y - 9. Let x(o) = 3*o**2 - 15*o + 9. Let f(v) = w*u(v) + 5*x(v). List the prime factors of f(-19).
3
Suppose 2*o - 2*o = -o. Suppose 52*q - 55*q + 534 = o. List the prime factors of q.
2, 89
Let q = -1531 + 572. List the prime factors of 1/3 + q*9/(-189).
2, 23
Suppose 2*s - 27340 = -2*g, -36*s - 13667 = -g - 40*s. List the prime factors of g.
3, 7, 31
Suppose -2*p + 10 = w, 64 = 6*w - 2*w + 2*p. Suppose 7*g = w*g - 8613. What are the prime factors of g?
3, 29
Let x(c) = 219*c**2 - 432*c**2 - 6 + 215*c**2 - 40*c. List the prime factors of x(36).
2, 3, 191
Let l(p) = 6*p**2 + 81*p - 67. What are the prime factors of l(-49)?
2, 5, 17, 61
Let c(o) = -93*o**3 + 3*o**2 - 4*o + 6. Let k be c(-4). Suppose -494 + k = 8*x. What are the prime factors of x?
691
Let b = 0 - -1. Suppose -3*p + 2 = 4*n + b, 0 = -4*p - 20. Suppose -2*w + n = -98. What are the prime factors of w?
3, 17
Suppose 17 + 13 = 10*u. Suppose -7*a + u*a = 4*x - 2808, -a = 5*x - 706. What are the prime factors of a?
701
Let v be (0 + (-4)/(-6))/(46/1035). List the prime factors of (-2)/((-10)/v) - (0 - 178).
181
Let n = -484 + 484. Suppose n*v - 5149 = -4*h - v, h - 2*v - 1294 = 0. List the prime factors of h.
2, 7, 23
Let o(z) = 2*z**2 + 4*z + 9. Let h(l) = 3*l**2 + 5*l + 8. Let f(y) = 3*h(y) - 2*o(y). List the prime factors of f(4).
2, 3, 19
List the prime factors of (((-23)/(-4))/1)/(7/9268).
23, 331
Let z(k) = -2*k**2 + 14*k + 11. Let q(w) = -w - 1. Let j(r) = 3*q(r) + z(r). Let i be j(6). What are the prime factors of i*(-84)/32*(-56)/3?
2, 7
Let h be 24/9 - 8/(-24). Suppose 0 = -4*p, h*p = -5*i + 4*i + 426. List the prime factors of i.
2, 3, 71
Let m(s) = 28*s + 7. Let u(j) = -1 + 2*j - 3*j + 2*j - 2*j. Let b(q) = 2*m(q) + 18*u(q). What are the prime factors of b(2)?
2, 3
Suppose 15 = -3*p, -4*p + 5762 = 2*d - 15348. What are the prime factors of d?
5, 2113
List the prime factors of (-2)/47 - ((-3707913560)/(-1739))/(-52).
2, 3, 17, 67
Suppose -2210595 = -27*l - 437910. What are the prime factors of l?
3, 5, 1459
Let v = 394 - 229. Suppose 74*b - 73*b = v. What are the prime factors of b?
3, 5, 11
Let v = -15 - -18. Suppose -3*b - 2*i + 109 = 0, -3*b + 2*i - v*i = -107. Suppose 3*g = -3*a + 12 + 18, 2*a - b = -5*g. What are the prime factors of g?
5
Let u = 79 + -72. Let z(l) = -l**3 + 17*l**2 - 18*l + 9. List the prime factors of z(u).
373
Let t(z) = -1 + 19*z - 28*z + 27*z**3 - z**3 + 3*z**2. What are the prime factors of t(3)?
701
Suppose 4*h - 50 = 14*h. What are the prime factors of ((8708/6)/(-7))/(h/15)?
2, 311
Let y be (-9)/30 + (-690060)/(-200). Let m = y - 2369. What are the prime factors of m?
23, 47
Suppose -18*i - 5114 = -29180. What are the prime factors of i?
7, 191
Let h be 4 + -2 + -1 - 4. Let c = 0 - h. Suppose c*b - 8*b + 30 = 0. List the prime factors of b.
2, 3
Let m(h) = -4*h**3 + 2*h**2 - 22*h - 57. Let r be m(-17). Suppose 16*y = r - 1587. What are the prime factors of y?
3, 5, 79
Let b = 41 - 32. Suppose -4*l - 505 = -b*l. Suppose y + 4*s = -l + 262, 5*y = 4*s + 733. What are the prime factors of y?
149
Let v(r) be the first derivative of r**4/4 + 11*r**3 - 61*r**2 - 9*r + 227. List the prime factors of v(-36).
3, 5, 11
Let l(p) = 2*p - 244. Let d be l(0). Let o = 690 + d. What are the prime factors of o?
2, 223
List the prime factors of 134/(((-2)/(-10))/(104/40)).
2, 13, 67
Let d(h) = -8*h**2 - 27*h + 4. Let s be -1 - -1 - (8 - 7). Let x(o) = o**2 + o. Let c(j) = s*d(j) + 3*x(j). What are the prime factors of c(-6)?
2, 53
Let w = -41 + 47. Suppose 0*o - w*o = -o. Suppose o = -k + 12*k - 770. What are the prime factors of k?
2, 5, 7
What are the prime factors of 50 + -44 + (-1)/(-1) - -15339?
2, 7673
Suppose -13*k = 4*k - 26*k. Suppose k*o = 2*r - 4*o - 614, -6*r - 4*o + 1906 = 0. What are the prime factors of r?
3, 5, 7
Suppose x - 4*i - 4432 = 0, 3*i - 13296 = 11*x - 14*x. List the prime factors of x.
2, 277
Suppose -4*n - 1877 = -5*s, 371 = -4*s + 5*s - 3*n. Suppose y = x - 63 - s, 4*y = -2*x + 850. What are the prime factors of x?
3, 5, 29
Suppose 0 = 5*i - 4*d + 77, -i - d + 0*d = 19. Let t be 58/3*(1 + i/(-1)). Let s = t + -207. List the prime factors of s.
3, 47
Let x = -15664 - -31208. List the prime factors of x.
2, 29, 67
Let p = 390 - 261. Let o = -129 + p. What are the prime factors of 2 + -6 + 3 - (o + -48)?
47
Suppose 4*o = -13447 + 39603. List the prime factors of o.
13, 503
Let c = -47288 - -90887. List the prime factors of c.
3, 14533
Let o(m) = 8*m**2 - 48*m + 5. Let t be o(6). Suppose 690 = t*c - 4*z, -2*c + 5*z - 6*z = -289. What are the prime factors of c?
2, 71
Let t = 49613 + -25464. What are the prime factors of t?
19, 31, 41
Let q(z) = 50*z**2 + z - 5. Let p be q(-3). Let m = -74 - -104. List the prime factors of p/5 - (-18)/m.
89
Let t = -28 + 17. Let h be 1 + 805 + 42 + -43. What are the prime factors of 6/(-33) - h/t?
73
Let b be 28/14*924/1. Suppose -534 = -6*q + b. Let c = -197 + q. What are the prime factors of c?
2, 5
Suppose -1 = -8*s + 63. Let g be (-3)/s + (-1950)/(-80). Suppose -4*p = 4*p - g. What are the prime factors of p?
3
Suppose -128*g = 37*g - 270765. List the prime factors of g.
3, 547
Suppose -33*j - 27*j = 34087 - 2344327. What are the prime factors of j?
2, 4813
Suppose 741*l - 808*l = -4424077. What are the prime factors of l?
7, 9433
Let d(i) = i**3 - 5*i**2 + 8*i - 5. Let w be d(2). What are the prime factors of 20/90 - ((-1796)/18 + w)?
101
Suppose -5*d + 2*x = -1, 233*d + 2*x = 228*d + 9. Let v(m) = 19*m**2 - 4*m - 4. Let z be v(6). What are the prime factors of d/5 - z/(-20)?
3, 11
Let l(i) = 64*i**2 - 7*i + 1. Let d(f) = -63*f**2 + 9*f - 2. Let y(m) = 2*d(m) + 3*l(m). List the prime factors of y(1).
2, 31
Let m be (15/(-9))/(15/(-18) - 0). Suppose 1456 = 4*c - 5*a + 6*a, -5*c + m*a = -1820. What are the prime factors of c?
2, 7, 13
Let o(y) be the first derivative of y**3/3 - 6*y**2 + 32*y + 18. Let r be o(10). Suppose 5*n = r + 38. What are the prime factors of n?
2, 5
Let x(r) = -r**3 - 37*r**2 - 56*r - 346. List the prime factors of x(-38).
2, 1613
Suppose 0 = -4*v - 0*r + 2*r + 94, -5*r = -3*v + 67. Suppose 10*i = 9*i + v. Suppose 2*t - i = 8. List the prime factors of t.
2
Suppose 0 = 16*j - 479 + 2111. Let m(w) = w**2 + w + 4. Let v be m(0). What are the prime factors of 582/v*(-5 - j/18)?
97
Let s(a) = 43*a**2 + 11*a + 18. Let b be s(6). Suppose 3*i - 3*m + 2*m - b = 0, 0 = -3*i - 2*m + 1641. What are the prime factors of i?
5, 109
Let o(c) = 14*c**3 + 5*c**2 - 3*c + 1. Let p be o(3). Let s = 593 - p. List the prime factors of (s/10)/(7/35).
89
Let q be (-209)/(-13) - 40/520. Suppose -q*a = -4*a - 5484. What are the prime factors of a?
457
Let n = -254 + 257. Suppose 2*v - n*g - 2630 = 0, 2*v + 10*g - 5*g = 2646. What are the prime factors of v?
2, 659
Suppose 0 = -2*u + 4*p + 76320, -198*u = -201*u + 2*p + 114460. What are the prime factors of u?
2, 5, 7, 109
Suppose 4*y = p - 17, 44 - 16 = 4*p + 4*y. Suppose 2*k = s + p, s = -5*k - s. Suppose 0 = 2*g - k, 0*g - 35 = -4*h - 3*g. What are the prime factors of h?
2
List the prime factors of (-1)/((-18)/(-33108)*20/(-30)).
31, 89
Let f(p) = p + 26. Suppose -2*k + 12 = -3*k. Let l be f(k). What are the prime factors of 3/2*l + -3?
2, 3
Let c(x) = 53*x + 30. Let k be c(18). Let g = k + -432. Suppose 11*t - 15*t = -g. List the prime factors of t.
2, 3, 23
Let c(m) = 61*m**2 + 3*m + 6. Let a be c(-3). Let b = 946 - a. List the prime factors of b.
2